ivided by d*(-9)/((-45)/4)?
5
Let x be 3/(-2) + 12/8. Suppose 2*n - 16 = -x. What is the remainder when 13 is divided by n?
5
What is the remainder when 97 is divided by 10 - (-2 + 4) - (-42)/7?
13
Let j(k) = k**2 - 46*k + 184. What is the remainder when ((-3)/2)/((-1)/36) is divided by j(42)?
6
Calculate the remainder when -1 - (24/20 - (-11767)/(-35)) is divided by 67.
66
Suppose 13*q = -44 + 616. Calculate the remainder when 2110 is divided by q.
42
Let k = -633 - -682. What is the remainder when 194 is divided by k?
47
Let y be -3*(-16)/(-12)*-1. Suppose y*w = -5*b - 114, -4*w + 0*w = -16. Let c = b - -47. What is the remainder when 40 is divided by c?
19
Suppose 8 = 2*i - 8*a + 4*a, -4*i + 5*a = -13. Suppose -5*z - 406 = -2*f - i*f, 4*z = 5*f - 503. What is the remainder when f is divided by 26?
21
Let c = -27 - -27. Suppose 2*h - 4*f - 34 = c, h - 14 = 4*f + f. Calculate the remainder when h is divided by 11.
8
Let j(i) = -2*i - 32. Let c be j(-18). Suppose -c*y - 120 = -6*y. Calculate the remainder when y is divided by 128/6 - 3/9.
18
Let l = 2137 - 2068. What is the remainder when 137 is divided by l?
68
What is the remainder when 1/((-6)/18)*268/(-6) is divided by 24?
14
Suppose 0 = -3*n + 10 + 5. Suppose -5*w = -5*c, 4*c = c + 5*w - 4. Calculate the remainder when n is divided by c.
1
Suppose 0*s = s - 26. Let t(u) = -498*u + 1508. What is the remainder when s is divided by t(3)?
12
Let x = -15 - -56. Calculate the remainder when 78 is divided by x.
37
Suppose 2*v - 3*a - 9 = 0, 5*a = 2*v - 0*a + 1. What is the remainder when 46 is divided by v?
10
Let g = -748 - -760. Calculate the remainder when 497 is divided by g.
5
Let v = -91 + 168. Suppose 4*b = 259 + v. Calculate the remainder when b is divided by 29.
26
Let m(t) = 6*t + 26. Calculate the remainder when 311 is divided by m(0).
25
Let a = 847 + -755. What is the remainder when a is divided by 49?
43
Let k = -50 - -61. Let m(q) = q**2 + 3*q + 3. Let f be m(-3). Suppose -3*a = f*a - 186. Calculate the remainder when a is divided by k.
9
Let i(p) = p**3 + 8*p**2 + 12*p + 20. Let y be i(-8). Let q = -56 - y. Calculate the remainder when q is divided by 11.
9
Calculate the remainder when 473 is divided by 1/(2/20*(-32)/(-80)).
23
Suppose -8*u = -7*u + 5*s + 53, -4*u + 4*s - 116 = 0. Let y be 26/(-3)*9/2. Let t = u - y. Calculate the remainder when 10 is divided by t.
4
Let j(f) be the first derivative of 19*f**2/2 - 2*f + 42. What is the remainder when 28 is divided by j(1)?
11
Let c(v) = v**2 - 9*v + 10. Calculate the remainder when 312 is divided by c(14).
72
Let m(h) = 2*h - 63. Let d be m(-16). Let n = d + 197. What is the remainder when n is divided by 26?
24
Let x(g) = g**3 + 2*g**2 + 3*g + 139. Let l be x(0). Let t = 179 - l. Suppose -40 + 8 = -2*d. Calculate the remainder when t is divided by d.
8
Suppose -19*w + 757 + 155 = 0. Calculate the remainder when 59 is divided by w.
11
Suppose -34*n = 304*n - 2366. Suppose -5*i - 5 + 15 = 0. Suppose 5*d + 5 = -0, 4*j + i*d - 14 = 0. Calculate the remainder when n is divided by j.
3
Let f = 31 + -22. Let y(m) = m**3 - 3*m**2 + 3*m - 3. What is the remainder when y(4) is divided by f?
7
Let l = 8 - 1. Suppose -o - 268 = -l*i + 2*i, 2*i = -2*o + 100. What is the remainder when i is divided by 9?
8
Suppose 3*o = n - 7, -4*o - 3 = -5*o. What is the remainder when n is divided by 3/(-1)*(-4 + 1)?
7
Calculate the remainder when 52 is divided by (-1)/(-2)*14 - -31.
14
Let a be (160/25)/(2/10). Let v = 80 + a. Suppose v = 2*b + 36. Calculate the remainder when b is divided by 13.
12
Let w(l) = 4*l**2 + 7*l - 26. Calculate the remainder when w(3) is divided by 23.
8
Let r be 340/12*(-3)/(-1). Let c = 15 + r. What is the remainder when c is divided by 51?
49
Let h(s) = s**3 - 5*s**2 - 2*s + 8. Suppose -5*d = 5*p - 264 - 361, -3*p = -2*d + 245. What is the remainder when d is divided by h(6)?
28
Suppose 0 = 17*l - 63*l + 1794. Calculate the remainder when 191 is divided by l.
35
What is the remainder when (7 + -6)/((-2)/(-568)) is divided by 13?
11
Let j = 85 + -54. Let a = 143 - 20. What is the remainder when a is divided by j?
30
Suppose -4*b = 2*i - b - 158, -5*i = 2*b - 406. Calculate the remainder when i is divided by 22.
16
Suppose -6*j = 13 - 97. What is the remainder when 35 is divided by j?
7
Calculate the remainder when 105 is divided by (-23)/(-4 - -9 - 6).
13
Let s = -416 + 450. What is the remainder when s is divided by 9?
7
Suppose 24*r - 728 = -176. What is the remainder when r is divided by 8?
7
Suppose 570 = 7*i + 8*i. Calculate the remainder when 45 is divided by i.
7
Suppose 16*v + 14*v - 1230 = 0. What is the remainder when v is divided by (-4)/(-2) + 0 + 19?
20
Suppose 40 = 5*h - 4*x - 0*x, 5*h = -x + 65. What is the remainder when 46 is divided by h?
10
Let q = 1 + -4. Let a = q - 1. What is the remainder when 13 is divided by 12/a*8/(-6)?
1
Suppose 3*p + 23 = 4*c, -p = 5*c + p. Suppose -5 = w, 2*m - 110 = -c*m + 2*w. Calculate the remainder when 44 is divided by m.
19
Let c(s) = -6*s + 39. What is the remainder when c(4) is divided by 10?
5
Let v = -15 + 41. What is the remainder when (-15)/10 - (-1028)/8 is divided by v?
23
Let l be (-2)/(-7) - (-956)/(-14). Let y = -48 - l. Suppose -4*h = o - 84 - 147, 3*o + 15 = 0. What is the remainder when h is divided by y?
19
Suppose i - 5*k - 5 = 0, 4*i - 3*i + 4*k = 14. Calculate the remainder when 32/(-64) - 178/(-4) is divided by i.
4
Let l(r) = 30*r. Let j = 27 - 23. Let q be l(j). Suppose -3*c = 2*c - q. What is the remainder when 71 is divided by c?
23
Calculate the remainder when 81 is divided by (-42)/((3/(-4))/((-1)/(-2))).
25
Suppose -4*d + 1 = -3*d. Calculate the remainder when 99 is divided by d/5 - (-504)/30.
14
Let c(l) = -l**2 + l + 13. Let w be c(0). Let r = 17 - w. What is the remainder when 8 is divided by r/22 + 265/55?
3
Suppose -262 = -4*i - 34. Suppose 25*b - 351 = 149. What is the remainder when i is divided by b?
17
Calculate the remainder when (-6)/((-96)/(-20))*(-9 + 5) is divided by 2.
1
Suppose -3*f = 4*y - 15 - 9, -2*f - 4*y + 20 = 0. What is the remainder when f is divided by (-70)/(-22) + (-6)/33?
1
Let d be (2 - 1)/((-3)/(-6)). Suppose 4*b = -d*j + b + 24, 5*b = -j + 12. Calculate the remainder when 35 is divided by j.
11
Suppose -212*a - 561 = -223*a. Calculate the remainder when a is divided by 11.
7
Suppose -119 = 62*t - 3602 - 733. What is the remainder when t is divided by (-1 + 2)/(1/14)?
12
Let l(t) = t**2 + 13*t - 9. Let o be l(-14). Suppose 2*p = -o*r + 2*r + 18, 2*p - 22 = -4*r. What is the remainder when 21 is divided by r?
1
Let a be -10*4/16 + (-1)/(-2). Calculate the remainder when (-5)/(-15) + a/(6/(-221)) is divided by 26.
22
Let f(u) = -56*u - 100. Calculate the remainder when f(-2) is divided by 7.
5
Suppose i = -2*i. Let c(w) = w**2 - 2*w + 17. Calculate the remainder when 65 is divided by c(i).
14
Suppose 3 + 9 = 4*l + 4*c, -3*l + 8 = 2*c. Suppose 5*w - 4*b = 64, w - l*w - 4*b + 8 = 0. Let v = w - 11. Calculate the remainder when 3 is divided by v.
0
Suppose 2*i + 58 = 5*c - 2*i, -5*c = 3*i - 44. Let g be (-11)/(-2) - c/20. Suppose 0*y + 35 = g*y. What is the remainder when 27 is divided by y?
6
Let g = 936 - 928. What is the remainder when 20 is divided by g?
4
Suppose -134 = -0*j - 4*j - 3*z, j - 4*z = 24. Calculate the remainder when j is divided by (-7414)/(-1011)*(2 - -1).
10
Suppose 16 = -6*z + 10*z, 4*v + 3*z = 56. What is the remainder when 340 is divided by v?
10
Suppose 2*s - 3*c + 2*c = 222, -5*s + 541 = c. Suppose 4*d = d. Suppose -4*w + 81 + 31 = d. What is the remainder when s is divided by w?
25
Let k = -2736 + 2744. Calculate the remainder when (-4)/10 - 267/(-5) is divided by k.
5
Suppose 5*g - 5*d = 1120, -4*g + 4*d + 902 = 2*d. What is the remainder when g is divided by 76?
75
Suppose 3*a + 10 = 4*a. Suppose q + a = d, 4*d + 3*q - 18 = -d. Let x = -351 - -366. Calculate the remainder when x is divided by d.
3
Let v be -4 + (-2)/3*-6. Suppose v = 3*m - m, f - m - 9 = 0. Calculate the remainder when 49 is divided by f.
4
Suppose 23 - 32 = -3*w. Let k(a) = a**2 + 4*a - 3. Let i be k(-4). Let z = w - i. Calculate the remainder when 10 is divided by z.
4
Let k = 1978 + -1753. What is the remainder when k is d